{"id":3569,"date":"2022-04-12T18:24:28","date_gmt":"2022-04-12T18:24:28","guid":{"rendered":"http:\/\/acerostorrefuerte.com.mx\/?post_type=product&#038;p=3569"},"modified":"2022-04-12T18:24:28","modified_gmt":"2022-04-12T18:24:28","slug":"r-101-galvanizada","status":"publish","type":"product","link":"http:\/\/acerostorrefuerte.com.mx\/?product=r-101-galvanizada","title":{"rendered":"R-101 GALVANIZADA"},"content":{"rendered":"","protected":false},"excerpt":{"rendered":"<p>La l\u00e1mina R101 est\u00e1 dise\u00f1ada para utilizarse como cubierta expuesta, cuenta con capacidad de carga y es de f\u00e1cil instalaci\u00f3n.<\/p>\n","protected":false},"featured_media":3570,"template":"","meta":[],"product_cat":[72],"product_tag":[],"class_list":{"0":"post-3569","1":"product","2":"type-product","3":"status-publish","4":"has-post-thumbnail","6":"product_cat-laminas-para-techo","8":"first","9":"instock","10":"shipping-taxable","11":"product-type-simple"},"_links":{"self":[{"href":"http:\/\/acerostorrefuerte.com.mx\/index.php?rest_route=\/wp\/v2\/product\/3569","targetHints":{"allow":["GET"]}}],"collection":[{"href":"http:\/\/acerostorrefuerte.com.mx\/index.php?rest_route=\/wp\/v2\/product"}],"about":[{"href":"http:\/\/acerostorrefuerte.com.mx\/index.php?rest_route=\/wp\/v2\/types\/product"}],"wp:featuredmedia":[{"embeddable":true,"href":"http:\/\/acerostorrefuerte.com.mx\/index.php?rest_route=\/wp\/v2\/media\/3570"}],"wp:attachment":[{"href":"http:\/\/acerostorrefuerte.com.mx\/index.php?rest_route=%2Fwp%2Fv2%2Fmedia&parent=3569"}],"wp:term":[{"taxonomy":"product_cat","embeddable":true,"href":"http:\/\/acerostorrefuerte.com.mx\/index.php?rest_route=%2Fwp%2Fv2%2Fproduct_cat&post=3569"},{"taxonomy":"product_tag","embeddable":true,"href":"http:\/\/acerostorrefuerte.com.mx\/index.php?rest_route=%2Fwp%2Fv2%2Fproduct_tag&post=3569"}],"curies":[{"name":"wp","href":"https:\/\/api.w.org\/{rel}","templated":true}]}}