{"id":3573,"date":"2022-04-12T18:31:16","date_gmt":"2022-04-12T18:31:16","guid":{"rendered":"http:\/\/acerostorrefuerte.com.mx\/?post_type=product&#038;p=3573"},"modified":"2022-04-12T18:31:17","modified_gmt":"2022-04-12T18:31:17","slug":"r-101-poliacryl","status":"publish","type":"product","link":"http:\/\/acerostorrefuerte.com.mx\/?product=r-101-poliacryl","title":{"rendered":"R-101 POLIACRYL"},"content":{"rendered":"","protected":false},"excerpt":{"rendered":"<p>La\u00a0<strong>L\u00e1mina Poli\u00e9ster Poliacryl tipo T-81<\/strong>\u00a0es un perfil compatible con la l\u00e1mina acanalada tipo R-101 met\u00e1lica. Tiene 1.01 m de ancho efectivo y su fijaci\u00f3n es expuesta mediante tornillo o pija galvanizado cabeza hexagonal de 1\/4 de di\u00e1metro con arandela de neopreno cada 29 cm. Este perfil se utiliza en bodegas, almacenes y naves industriales, cuenta con 10 a\u00f1os de garant\u00eda y es un producto mejorado con acabado gel coat G5 que retrasa el afloramiento de la fibra de vidrio e incrementa la vida \u00fatil del producto.<\/p>\n","protected":false},"featured_media":3574,"template":"","meta":[],"product_cat":[72],"product_tag":[],"class_list":{"0":"post-3573","1":"product","2":"type-product","3":"status-publish","4":"has-post-thumbnail","6":"product_cat-laminas-para-techo","8":"first","9":"instock","10":"shipping-taxable","11":"product-type-simple"},"_links":{"self":[{"href":"http:\/\/acerostorrefuerte.com.mx\/index.php?rest_route=\/wp\/v2\/product\/3573","targetHints":{"allow":["GET"]}}],"collection":[{"href":"http:\/\/acerostorrefuerte.com.mx\/index.php?rest_route=\/wp\/v2\/product"}],"about":[{"href":"http:\/\/acerostorrefuerte.com.mx\/index.php?rest_route=\/wp\/v2\/types\/product"}],"wp:featuredmedia":[{"embeddable":true,"href":"http:\/\/acerostorrefuerte.com.mx\/index.php?rest_route=\/wp\/v2\/media\/3574"}],"wp:attachment":[{"href":"http:\/\/acerostorrefuerte.com.mx\/index.php?rest_route=%2Fwp%2Fv2%2Fmedia&parent=3573"}],"wp:term":[{"taxonomy":"product_cat","embeddable":true,"href":"http:\/\/acerostorrefuerte.com.mx\/index.php?rest_route=%2Fwp%2Fv2%2Fproduct_cat&post=3573"},{"taxonomy":"product_tag","embeddable":true,"href":"http:\/\/acerostorrefuerte.com.mx\/index.php?rest_route=%2Fwp%2Fv2%2Fproduct_tag&post=3573"}],"curies":[{"name":"wp","href":"https:\/\/api.w.org\/{rel}","templated":true}]}}