{"id":3595,"date":"2022-04-12T18:58:46","date_gmt":"2022-04-12T18:58:46","guid":{"rendered":"http:\/\/acerostorrefuerte.com.mx\/?post_type=product&#038;p=3595"},"modified":"2022-04-12T18:58:46","modified_gmt":"2022-04-12T18:58:46","slug":"solera-de-molino-y-de-slitter","status":"publish","type":"product","link":"http:\/\/acerostorrefuerte.com.mx\/?product=solera-de-molino-y-de-slitter","title":{"rendered":"SOLERA DE MOLINO Y DE SLITTER"},"content":{"rendered":"","protected":false},"excerpt":{"rendered":"<p>La solera es una barra rectangular de acero que se presenta en diferentes anchos y espesores para distintos tipos de usos, tanto artesanales como industriales. La solera l\u00e1mina es un producto laminado en fr\u00edo, la solera molino es un producto laminado en caliente. Est\u00e1 fabricado bajo la norma ASTM A-36.<\/p>\n<p>La solera forma parte de los perfiles comerciales y su principal aplicaci\u00f3n es en el uso de conexiones de estructuras met\u00e1licas, as\u00ed como en la fabricaci\u00f3n de herrer\u00edas. Es muy utilizado en largueros de alma abierta.<\/p>\n","protected":false},"featured_media":3596,"template":"","meta":[],"product_cat":[75],"product_tag":[],"class_list":{"0":"post-3595","1":"product","2":"type-product","3":"status-publish","4":"has-post-thumbnail","6":"product_cat-comerciales","8":"first","9":"instock","10":"shipping-taxable","11":"product-type-simple"},"_links":{"self":[{"href":"http:\/\/acerostorrefuerte.com.mx\/index.php?rest_route=\/wp\/v2\/product\/3595","targetHints":{"allow":["GET"]}}],"collection":[{"href":"http:\/\/acerostorrefuerte.com.mx\/index.php?rest_route=\/wp\/v2\/product"}],"about":[{"href":"http:\/\/acerostorrefuerte.com.mx\/index.php?rest_route=\/wp\/v2\/types\/product"}],"wp:featuredmedia":[{"embeddable":true,"href":"http:\/\/acerostorrefuerte.com.mx\/index.php?rest_route=\/wp\/v2\/media\/3596"}],"wp:attachment":[{"href":"http:\/\/acerostorrefuerte.com.mx\/index.php?rest_route=%2Fwp%2Fv2%2Fmedia&parent=3595"}],"wp:term":[{"taxonomy":"product_cat","embeddable":true,"href":"http:\/\/acerostorrefuerte.com.mx\/index.php?rest_route=%2Fwp%2Fv2%2Fproduct_cat&post=3595"},{"taxonomy":"product_tag","embeddable":true,"href":"http:\/\/acerostorrefuerte.com.mx\/index.php?rest_route=%2Fwp%2Fv2%2Fproduct_tag&post=3595"}],"curies":[{"name":"wp","href":"https:\/\/api.w.org\/{rel}","templated":true}]}}